to base 7
15452
What is -2b3 (base 12) in base 5?
-3143
What is -ab (base 12) in base 9?
-155
Convert -2153 (base 6) to base 15.
-236
What is -11102 (base 4) in base 12?
-242
Convert 1130 (base 11) to base 8.
2715
Convert 10549 (base 11) to base 14.
580b
Convert -10320 (base 4) to base 3.
-102120
-2622 (base 7) to base 12
-6b0
aa08 (base 11) to base 15
4488
21010220 (base 3) to base 10
5208
Convert 153230 (base 6) to base 11.
102a1
What is 20503 (base 7) in base 16?
13ba
What is 144c8 (base 13) in base 4?
21110231
ab90 (base 12) to base 6
223500
Convert -53c (base 13) to base 7.
-2420
-77f (base 16) to base 15
-87e
What is 12035 (base 7) in base 8?
6051
What is 1025 (base 8) in base 10?
533
What is -8009 (base 11) in base 6?
-121201
-6173 (base 10) to base 14
-236d
What is -a0a (base 13) in base 6?
-11512
74471 (base 10) to base 5
4340341
What is 42364 (base 7) in base 3?
112101021
What is -868 (base 12) in base 6?
-5412
What is 111200011 (base 3) in base 10?
9967
186 (base 12) to base 13
15c
What is -41431 (base 7) in base 11?
-7701
What is -666 (base 11) in base 4?
-30132
Convert 25451 (base 6) to base 8.
7407
Convert -885 (base 14) to base 6.
-11445
What is -442132 (base 6) in base 4?
-20332220
Convert 3755 (base 9) to base 2.
101011110100
What is -136 (base 10) in base 2?
-10001000
Convert 2a36 (base 11) to base 13.
1a1b
Convert 13c0 (base 14) to base 11.
26a2
What is 1d6 (base 14) in base 9?
466
Convert -1110001010 (base 2) to base 5.
-12111
Convert ce3 (base 15) to base 11.
2209
Convert 33884 (base 10) to base 12.
17738
111010110 (base 3) to base 10
9570
Convert -860 (base 16) to base 4.
-201200
1dbb (base 15) to base 3
22212212
What is -4120 (base 7) in base 15?
-65a
Convert -310003 (base 4) to base 7.
-12466
Convert ad0e (base 15) to base 16.
8f51
4128 (base 9) to base 5
44043
Convert 1010222 (base 3) to base 7.
2303
23 (base 8) to base 15
14
2440 (base 7) to base 4
32032
Convert -833 (base 13) to base 5.
-21034
-1111221 (base 3) to base 5
-13410
-48121 (base 9) to base 13
-11851
101001000000000 (base 2) to base 3
1001210111
-e8c (base 15) to base 10
-3282
-122355 (base 6) to base 7
-43622
Convert 7182 (base 14) to base 13.
8b65
Convert -1625 (base 7) to base 2.
-1010010000
-120111 (base 3) to base 8
-642
What is -1000110111010 (base 2) in base 10?
-4538
-4022 (base 8) to base 7
-6011
-21101202 (base 3) to base 4
-1110101
111021 (base 3) to base 14
1b8
What is 1234 (base 12) in base 6?
13304
Convert 51 (base 6) to base 7.
43
What is 112112 (base 3) in base 2?
110001000
What is -1023311 (base 4) in base 3?
-20122202
204132 (base 5) to base 12
3b20
-1554 (base 9) to base 13
-700
Convert 2a0 (base 11) to base 2.
101100000
What is -8ebe (base 15) in base 13?
-10a60
Convert 5638 (base 10) to base 12.
331a
-5340 (base 6) to base 4
-102330
What is -23751 (base 9) in base 16?
-3e32
Convert 2211 (base 6) to base 3.
200221
40 (base 8) to base 4
200
Convert -56a8 (base 13) to base 10.
-12137
-13d4b (base 14) to base 4
-30001233
What is -63123 (base 7) in base 8?
-36215
Convert -1360 (base 9) to base 16.
-402
What is 17691 (base 11) in base 4?
12003100
12bc (base 13) to base 7
10562
What is 1100011001100010 (base 2) in base 15?
100ab
-100101011111101 (base 2) to base 8
-45375
-600 (base 7) to base 15
-149
What is -13440 (base 6) in base 10?
-2112
What is 10110011110 (base 2) in base 11?
1098
What is -831 (base 9) in base 8?
-1244
2382 (base 12) to base 8
7622
What is 1133112 (base 5) in base 10?
21032
Convert -14b1 (base 14) to base 4.
-321203
What is 260 (base 16) in base 8?
1140
1a8 (base 13) to base 6
1231
What is -1032 (base 10) in base 9?
-1366
What is 10341 (base 10) in base 15?
30e6
291 (base 12) to base 13
247
Convert 122411 (base 7) to base 5.
1204444
-905a (base 14) to base 6
-310412
Convert 2158 (base 9) to base 4.
120320
Convert -54a (base 12) to base 14.
-3d8
What is 11012001 (base 3) in base 11?
2325
33202 (base 4) to base 5
12434
What is -3b0 (base 12) in base 6?
-2340
Convert 3031 (base 6) to base 10.
667
101130 (base 4) to base 15
4e6
-799 (base 12) to base 14
-5a5
Convert -14844 (base 11) to base 5.
-1132411
What is -100110100101010 (base 2) in base 11?
-13929
Convert -110011001010 (base 2) to base 5.
-101044
-911 (base 13) to base 14
-7b9
Convert -2412 (base 13) to base 8.
-11735
What is 260 (base 10) in base 14?
148
-20238 (base 9) to base 15
-3e2e
Convert -122102 (base 3) to base 7.
-1241
Convert -bd4 (base 16) to base 2.
-101111010100
Convert -247 (base 14) to base 11.
-384
Convert -3c6 (base 15) to base 3.
-1011220
Convert -20102 (base 3) to base 12.
-125
What is -2b947 (base 12) in base 4?
-33012013
Convert -352 (base 12) to base 3.
-200022
Convert ab0 (base 16) to base 3.
10202100
-1031202 (base 4) to base 13
-2349
352330 (base 6) to base 14
b0d0
5471 (base 14) to base 4
3210023
Convert -447 (base 12) to base 5.
-10011
Convert -110101001001010 (base 2) to base 5.
-1332320
Convert 454 (base 8) to base 9.
363
What is 14405 (base 6) in base 3?
10011112
What is 2316 (base 10) in base 13?
1092
-13031032 (base 4) to base 15
-8b2d
What is 1000112200 (base 3) in base 15?
5e39
-2884 (base 9) to base 10
-2182
What is -28b (base 13) in base 12?
-319
11001101 (base 2) to base 13
12a
-742 (base 12) to base 16
-422
Convert -302001 (base 4) to base 6.
-22453
Convert -51145 (base 6) to base 8.
-15151
-141400 (base 5) to base 9
-8020
1042 (base 5) to base 9
173
What is 196 (base 10) in base 4?
3010
2a01b (base 12) to base 15
12635
Convert 6752 (base 14) to base 13.
81c7
What is -22977 (base 11) in base 16?
-815d
442 (base 13) to base 4
23122
Convert -415 (base 6) to base 8.
-233
102320 (base 5) to base 11
2666
780 (base 9) to base 8
1177
-8a72 (base 12) to base 4
-3233312
Convert -634 (base 12) to base 4.
-32020
What is -32241 (base 5) in base 16?
-894
-22362 (base 7) to base 4
-1120233
Convert -a3d (base 16) to base 3.
-10121002
11232 (base 4) to base 6
1410
What is 14315 (base 6) in base 8?
4347
What is 300221 (base 5) in base 14?
3620
Convert 46726 (base 8) to base 6.
232130
What is 5320 (base 7) in base 15?
851
Convert -22111 (base 3) to base 9.
-274
What is 3d (base 14) in base 4?
313
What is -16287 (base 12) in base 15?
-94ea
-5906 (base 10) to base 14
-221c
What is 10248 (base 10) in base 7?
41610
Convert -12211 (base 3) to base 9.
-184
Convert 1302 (base 5) to base 13.
127
145414 (base 6) to base 7
56245
430 (base 9) to base 7
1011
Convert 1232341 (base 6) to base 7.
365230
What is -120012202 (base 3) in base 11?
-8372
-122122 (base 4) to base 11
-12a7
-35992 (base 10) to base 8
-106230
1223 (base 4) to base 8
153
Convert -1231 (base 7) to base 16.
-1cf
Convert 210211 (base 3) to base 11.
496
959 (base 10) to base 7
2540
What is -77b (base 15) in base 5?
-23231
What is -9412 (base 11) in base 10?
-12476
Convert 397 (base 15) to base 8.
1461
309 (base 15) to base 2
1010101100
What is 23122 (base 4) in base 11?
604
What is -100121 (base 3) in base 14?
-147
50b2 (base 15) to base 10
17042
What is -1120100 (base 3) in base 12?
-7b3
-7ac (base 16) to base 15
-8ae
10d4c (base 14) to base 7
230425
Convert -111101011111 (base 2) to base 12.
-233b
What is 22430 (base 7) in base 9?
7738
Convert -2d9 (base 14) to base 5.
-4313
-83845 (base 9) to base 7
-320261
What is 13111 (base 4) in base 15?
214
What is -452 (base 13) in base 16?
-2e7
What is -1203 (base 12) in base 16?
-7e3
What is -441 (base 14) in base 12?
-5a1
What is -1980 (base 12) in base 3?
-11021120
Convert 515133 (base 6) to base 7.
231306
What is -14072 (base 8) in base 15?
-1c87
What is 12211133 (base 4) in base 11?
192a3
What is -3846 (base 16) in base 12?
-8406
Convert -11110101111 (base 2) to base 4.
-132233
Convert -221021211 (base 3) to base 12.
-a804
Convert 8961 (base 12) to base 16.
3b59
What is 542 (base 9) in base 14?
239
-551 (base 7) to base 2
-100011001
Convert -4576 (base 14) to base 6.
-131500
What is 201111 (base 3) in base 10?
526
Convert 364 (base 12) to base 10.
508
2301231 (base 4) to base 3
120121020
What is 5562 (base 9) in base 4?
1000022
-7223 (base 8) to base 16
-e93
What is -60451 (base 7) in base 14?
-5498
a7 (base 11) to base 4
1311
What is 12221 (base 6) in base 16?
715
What is 1114434 (base 5) in base 6?
232322
What is -6367 (base 8) in base 1